 f. What is the remainder when 1866 is divided by f?
86
Suppose -6 = -5*k + 139. Suppose k = -v - 24. Let m = 99 + v. Calculate the remainder when m is divided by 24.
22
Let d be (-98)/(-4)*36/(-21). Let c = -92 - d. Let f = c - -59. Calculate the remainder when 32 is divided by f.
5
Let f = -21 + 27. Suppose 20 = 4*h - o, 5*o - f = 14. What is the remainder when 19 is divided by h?
1
Let z(h) = -16*h - 14*h - 12*h**2 + 11*h**2 - 57. Calculate the remainder when 58 is divided by z(-26).
11
Let w = 83 + -80. What is the remainder when 142 is divided by (-2568)/(-88) - (w - 62/22)?
26
Let f = -391973 + 392232. Suppose -4*x + 94 + 10 = 0. Calculate the remainder when f is divided by x.
25
Suppose 0 = 30*u - 36*u + 1212. Let g = 238 - u. What is the remainder when 225 is divided by g?
9
Suppose 9*i + 881 = 13*i - 3*t, -i = -t - 220. What is the remainder when i is divided by 94?
33
Suppose -15*w = -19*w + 1832. Let t = 502 - w. What is the remainder when 147 is divided by t?
15
Let l(f) = -f**3 + 59*f**2 - 160*f + 223. What is the remainder when l(56) is divided by 32?
31
Let o(q) = 3*q**3 - 4*q**2 + 45*q - 3. What is the remainder when o(5) is divided by 149?
50
Let b = 6 + 7. Suppose 3*t = -7 + 13. Suppose -t*u + 55 = 2*q - 19, -2*u - q + 72 = 0. Calculate the remainder when u is divided by b.
9
Suppose -4*g - 335 = -5*h, 2*h + 72 = 5*g + 206. Let p = h - 54. Suppose -p*m - 98 = -15*m. What is the remainder when m is divided by 26?
23
Suppose 208*w - 6420 = 148*w. What is the remainder when w is divided by 2/(-11) - 244/(-11)?
19
Let v(r) = 358*r + 11481. Calculate the remainder when 674 is divided by v(-32).
24
Calculate the remainder when 594/((-24)/45*65/(-52)*3) is divided by 47.
15
Suppose 5*q - 60 - 255 = -5*n, 10*n = -40. Calculate the remainder when 137 is divided by q.
3
Suppose -o + 8 = -0*o. Let x = -124 + 126. Let y = x + o. What is the remainder when 15 is divided by y?
5
Let n(z) = -26*z - 222. Let b(i) = -i + 2. Let w(o) = 5*b(o) + n(o). What is the remainder when 64 is divided by w(-8)?
28
Let a = -27409 + 27417. Calculate the remainder when 3 - (-71 - (1 + -4)) is divided by a.
7
Let h = -29541 + 29735. What is the remainder when h is divided by 49?
47
Suppose 94*q - 4*q + 1560 = 4710. Calculate the remainder when q is divided by 35.
0
Let r(g) = -1570*g + 3660. What is the remainder when r(2) is divided by 135?
115
Let j(t) = t**3 - 5*t**2 + 2*t - 8. Let w be j(6). Let x = 1434 + -1362. Suppose -4*f + w + x = 0. What is the remainder when 109 is divided by f?
25
Suppose 2772 = -17*b + 3180. What is the remainder when 229 is divided by b?
13
Let t(i) = -6*i**3 - 65*i**2 - i + 4. Calculate the remainder when t(-14) is divided by 32.
30
Suppose 0 = -3*r + 2*r. Suppose 436 = 7*h + 149. What is the remainder when r - (-4 + 0 - 116) is divided by h?
38
Suppose 3936 = 142*g + 1238. Calculate the remainder when 19 is divided by g.
0
Let h = 149 + -478. What is the remainder when h/2*((-72)/(-42))/(-3) is divided by 33?
28
Let d = -728 + 733. Calculate the remainder when 98 is divided by 6*((-1)/d + 2664/270).
40
Let u = 73 - 59. Let p(h) = -h**2 + 12*h + 38. Let t be p(u). Suppose -t*g = -4*g - 72. Calculate the remainder when 35 is divided by g.
11
Let p(u) = -u**2 - 12*u - 31. Let q be p(-5). Suppose -2*y - q*i + 415 = -107, 2*i + 8 = 0. Calculate the remainder when y is divided by 68.
65
Let s(v) = v**3 + 8*v**2 - 2*v - 4. Let r(d) = -d**2 + 14*d + 22. Let m be r(16). Let c be (m/8)/(7/28). Calculate the remainder when s(c) is divided by 21.
18
Let i be ((-26)/(-2))/((-15)/(-615)). Let n = i - 516. Calculate the remainder when n is divided by 6.
5
Suppose -54 = 18*x, 93*s = -95*s + 183*s + x + 58. Let m = -6 + 8. Calculate the remainder when m/(-4) - 117/(-6) is divided by s.
8
Let n(v) = -v**2 - 9*v - 16. What is the remainder when 38 is divided by n(-4)?
2
Let v = 7595 - 7585. What is the remainder when 648 is divided by v?
8
Let c = 24707 + -24484. Calculate the remainder when 3134 is divided by c.
12
Let r = -298 - -310. Suppose 2 - 194 = -r*m. Calculate the remainder when 462 is divided by m.
14
Let n(b) = 8*b + 7. Suppose 6*g + 17*g + 207 = 0. Calculate the remainder when n(5) is divided by (3/g)/(3/(-216)).
23
Let f be (35585/30)/11 + 1/6. Suppose -107*h = -f*h + 88. What is the remainder when h is divided by 45?
43
Let t be 3*((-9)/36 + 46/24). Suppose -3*j + 6 = 3*k, -4*k - t*j - 4 = -7. What is the remainder when 19 is divided by k?
5
Suppose 0*g + 4008 = 4*b + 4*g, -4*g - 992 = -b. Calculate the remainder when b is divided by 18.
10
Let m(h) = 3*h**3 + 54*h**2 + 31. What is the remainder when 32 is divided by m(-18)?
1
Let k(g) = 17*g - 45. Let f be k(8). Suppose 16*s - f = 197. Calculate the remainder when 233 is divided by s.
17
Let c = -37327 + 37340. Calculate the remainder when 2274 is divided by c.
12
Suppose -2*o + 7*o = 2200. Suppose -24*q = -o - 904. What is the remainder when 110 is divided by q?
54
Let s be 129*-60*(-12)/48. Suppose -s*y - 130 = -1945*y. Let b(d) = 2*d**2 + 5*d - 4. Calculate the remainder when y is divided by b(-4).
5
Suppose -222*k + 9*k + 19228 = 293*k. Calculate the remainder when 0 + 1 - (-1 - 126) is divided by k.
14
Let w = -33 - -60. Let s be (-94)/282*(-1)/(1/9). What is the remainder when w is divided by (462/s)/11 - -1*3?
10
Calculate the remainder when 287 is divided by (-6588)/189 + 35 + 258/7 + 2.
14
Let h(i) = -142*i + 943. What is the remainder when h(6) is divided by 16?
11
Suppose 3*p + 5*q = 353, -44*q + 48*q - 349 = -3*p. Let u = 138 - p. What is the remainder when 158 is divided by u?
23
Let j(t) = -t**3 + 41*t**2 + 65*t - 45. Let r be j(42). Calculate the remainder when 12 + -20 + (r - 6) is divided by 65.
62
Suppose 5*u - 3682 = -3007. What is the remainder when u is divided by 73?
62
Suppose -36*r - 1496 + 3481 + 18679 = 0. What is the remainder when 1161 is divided by r?
13
Suppose -3*t - 642 = -2*f - 13, -4*t + 1328 = 4*f. Calculate the remainder when f is divided by 105.
10
Let k be -4*(0 + -1)*153/(-34). Suppose -3*f - 30 = -8*f. Calculate the remainder when (k - -90) + 21/(-3) is divided by f.
5
Let z(o) be the third derivative of 25/6*o**3 + 0*o + 0 + 1/6*o**4 - o**2. Calculate the remainder when z(21) is divided by 28.
25
Suppose 3*v = 5*y + 478, 5*y + 439 = 4*v - 200. Let f be (-36)/4 - (-2 - -2). Let b(u) = 3*u + 82. What is the remainder when v is divided by b(f)?
51
Let n(h) = -3*h - 56. Let w be n(-33). Let l be (-4)/(8/2) - -1. Suppose l = -j - 3*j + 3*g + 147, j - w = 2*g. What is the remainder when 96 is divided by j?
30
Suppose w + 23 = 4*h, -5*w - 4*h + 75 = -5*h. Suppose -5*y = -100 - 65. Calculate the remainder when y is divided by w.
16
Let i(c) = c**3 + 9*c**2 + 6*c - 17. Suppose -2*f + 4*y + 6 = 0, 6*f - 3*y - 36 = 9*f. Calculate the remainder when i(f) is divided by 29.
10
Let i(w) = -w - 29. Let c be i(7). Calculate the remainder when 7 is divided by (8/5)/(c/(-90)).
3
Let v(y) be the third derivative of -1/6*y**5 - 1/120*y**6 + 0 - 29/6*y**3 - 41*y**2 + 0*y + 5/6*y**4. Calculate the remainder when 170 is divided by v(-12).
18
Let v be 0 + 25 - 50/10. Suppose 0 = 5*f - t - 2*t - 26, -2*f - 2*t = -v. Calculate the remainder when f is divided by 6.
1
Suppose 3*h - 48 = 150. Let k(t) = 58*t + 1. Let a be k(1). Suppose 2*z = 2*s - 30, 3*s + z + 3*z - a = 0. Calculate the remainder when h is divided by s.
15
Suppose 16*g - 723 - 696 = -603. What is the remainder when 865 is divided by g?
49
Suppose -d - 15 = -4*c - 45, -4*c = d - 6. What is the remainder when 226 is divided by d?
10
Suppose 5*y = -c - 3, y = -y - 2. Let k = c + 4. Let l(u) = -u**3 + 4*u**2 + 17*u + 6. What is the remainder when l(k) is divided by 13?
10
Calculate the remainder when 4437 is divided by (812/(-348) + (-25)/(-12))*-100.
12
Let v = -1501 + 1529. What is the remainder when -2 + 0 - 1026/(-18) is divided by v?
27
Suppose -4*v + 2*z = -28, 6*z = 7*z - 2. Calculate the remainder when (2 - v)/1 + 17 is divided by 4.
3
Let b = -657 - -664. Calculate the remainder when 1411 is divided by b.
4
Suppose -5*i - 20 = -u, 2*i - 5*i - u = 12. Let t(o) = -o**3 - 3*o**2 - 11*o - 12. Calculate the remainder when 287 is divided by t(i).
47
Let s(w) = 108*w**2 - 7 - w**3 - 2 + 16*w - 115